 Suppose y - 3 - r = -2*o, -6 = n*o. Let q(g) = -g**2 + 8*g + 4. What is q(y)?
-5
Let z(h) = -12*h**2 - 6. Let b(f) = -f**2 - 1. Suppose 0*q = 4*q + 2*d + 18, 3*d = 3*q + 18. Let i(l) = q*b(l) + z(l). Let w = -181 + 180. What is i(w)?
-8
Let a be 4 + ((-13)/5 - (-9)/15). Let i(t) = 18*t**2 + 3*t**2 - 1 - 3*t**3 - 19*t**a. Calculate i(1).
-2
Let o(s) be the first derivative of 4*s**3/3 - 5*s**2/2 + 14*s + 156. Let i(c) = -11*c**2 + 14*c - 41. Let a(q) = -3*i(q) - 8*o(q). Give a(0).
11
Let o(u) = -3*u**2 + 4*u + 7. Suppose -29 = h - 5*q, 11*h - 14*h + q = 17. Give o(h).
-57
Let k = 167 - 165. Let b(g) = 6*g - 9*g**k + 2*g**3 + 2*g**2 - 11 + 4*g**3 - 7*g**3. Suppose 0*x - 4*x = -3*f + 20, -3*x = 2*f + 32. Calculate b(x).
5
Let y(j) = -4*j + 25 + 1517*j**2 - 3033*j**2 + 1515*j**2 + 3 + 0. Calculate y(-6).
16
Let y(f) = 3*f - 1. Let h(a) = -5*a**3 + a**2 - 2*a + 1. Let q(g) = -h(g) - y(g). Calculate q(-1).
-5
Let u(t) = -21*t**2 - 77*t + 38. Let o(r) = -29*r**2 - 103*r + 50. Let v(x) = 8*o(x) - 11*u(x). Calculate v(22).
4
Suppose 7*c - 217*c + 1779 = -1161. Let h(g) = 2*g**3 - 30*g**2 + 28*g + 4. Determine h(c).
4
Let s(t) be the second derivative of -8*t**3/3 + 119*t**2/2 - 494*t. What is s(8)?
-9
Suppose 5*q - 10 = 5*t - 50, 0 = 4*t + 5*q + 13. Let m(g) = 2 - 4*g + 0*g**3 - 3*g**3 + 4*g**t + 2 + 4*g**2. Let u be 3/(9/12) - (-15 - -24). Give m(u).
-1
Suppose -869 + 1414 = -33*n + 809. Let v(a) = -a**2 + 5*a + 11. Calculate v(n).
-13
Suppose -663*g + 661 + 715 = 9995. Let y(t) = -11*t - 157. Determine y(g).
-14
Let p be (1290/(-15))/(1*2). Let k = 51 + p. Let j(n) = n**2 + k*n + 8*n + 4 + 16*n - 28*n. Calculate j(-3).
1
Let g(t) be the third derivative of -t**6/120 + t**5/4 - 17*t**4/24 + 7*t**3/2 + 5*t**2 - 48*t. Give g(14).
-21
Let k(t) = 15*t**3 + 199*t**2 - 22*t + 11. Let j(a) = 4*a**3 + 50*a**2 - 6*a + 3. Let v(b) = 11*j(b) - 3*k(b). What is v(-47)?
0
Suppose p + 34 = 2*p. Let k be 1*-2 - (-2 + -5 + 0). Suppose k*w - p = -14. Let y(x) = x**2 - 4*x + 2. Calculate y(w).
2
Let q(j) = 6*j**3 - 2*j**2 + 33*j + 1. Let r(f) = 14*f**3 - 3*f**2 + 85*f + 1. Let l(n) = -5*q(n) + 2*r(n). What is l(3)?
-6
Let i(j) be the third derivative of -j**6/60 + 3*j**5/4 - 23*j**4/24 + 17*j**3/6 + 1432*j**2. Calculate i(22).
-5
Let f(r) be the third derivative of -r**6/120 - r**5/30 - r**4/8 + 2*r**3/3 + 8*r**2 - 3*r. Let s = 2817 - 2820. Give f(s).
22
Let w be ((-27)/(-24))/(15/80). Let k(n) = -w + n**3 + 2556*n**2 - n + 2557*n**2 - 5104*n**2. What is k(-9)?
3
Let b(w) = -w**3 + 22*w**2 + 26*w - 57. Suppose -229*y = 415*y - 51*y - 13639. Determine b(y).
12
Let q(l) = -4*l + 27. Suppose -11145*w - 20 = -11150*w. Determine q(w).
11
Let s(t) = 2*t**2 + 9*t - 14. Let u be s(-6). Let k(a) = -2*a - 3. Let p(q) = -5*q - 8. Let r(m) = u*p(m) - 11*k(m). Calculate r(-8).
-15
Let c(z) = -z**3 + 9*z**2 - 11*z + 11. Suppose 274*m + 120 = 1216. Determine c(m).
47
Let p(n) be the third derivative of -n**5/60 + 17*n**4/24 - 9*n**3 + 34*n**2. Let u be p(6). Let h(y) = -2*y**2 - 4 - u + 8*y + 26 - 14. Calculate h(5).
-14
Let v = -534 + 558. Let r be (-4)/6 + 142/6. Let y = r - v. Let u(n) = 11*n**2 - 1. Give u(y).
10
Let a(x) = 0*x - 1511 + 3012 - 1526 - 3*x. Calculate a(-14).
17
Suppose -262*g = -16*g - 5658. Let m(c) = c**2 - 23*c - 21. Give m(g).
-21
Let h(k) = -37*k**3 + k**2 + k. Suppose 161*p - 5*o - 17 = 159*p, 5*o + 10 = -5*p. Give h(p).
-35
Let w(j) = -j**3 + j**2 - 2*j - 58. Let h be 186/(-434) - 3/(-7). What is w(h)?
-58
Let z(s) be the first derivative of -s**4/6 - s**3/6 - 4*s**2 + 42. Let d(n) be the second derivative of z(n). Determine d(-6).
23
Let t(x) be the third derivative of x**7/2520 + x**6/72 + x**5/120 - 97*x**4/12 - 24*x**2. Let i(j) be the second derivative of t(j). What is i(-11)?
12
Let y(w) = -25*w**2 - 3*w - 4. Let h(c) = -9*c**2 - c - 1. Let m(p) = -11*h(p) + 4*y(p). What is m(-4)?
-17
Let s be 8/2*1*-2. Let q(g) = -14*g + 8. Let u(h) be the third derivative of 5*h**4/24 - h**3/2 - 31*h**2 + 2*h. Let z(m) = s*u(m) - 3*q(m). Determine z(1).
2
Let v(l) = l + 5. Let d be (-10)/(-15) - (-31)/3. Suppose d*b - b = -50. Calculate v(b).
0
Let c(d) = d**2 + 19*d + 39. Suppose 7*n = -30*n - 15*n - 832. Determine c(n).
-9
Let i = -87 - -113. Suppose 5*w + 0*w + 2*k = 21, -4*w + 3*k + i = 0. Let u = -6 + w. Let q(n) = 2*n**3 - n - 1. What is q(u)?
-2
Let j = -37 - -39. Let y(m) = 3*m**2 - 7*m - 5. Let x(d) = -3*d**2 + 9*d + 6. Let v(l) = -3*x(l) - 4*y(l). Calculate v(j).
-8
Let f(g) be the first derivative of g**3/3 + 5*g**2/2 + 2*g - 2137. Determine f(-5).
2
Let m(a) = 11 - 9*a**2 + 9*a**3 + 17*a**3 - 3*a**2 - 27*a**3 - 5*a. Calculate m(-12).
71
Let k(o) = 6828*o**2 - 41*o**3 + 83*o**3 - 41*o**3 - 6815*o**2. Let b(h) = -2*h**2 + 3*h - 4. Let v be b(3). Calculate k(v).
0
Let r(c) = c**2 - 382*c + 30563. Let o be r(114). Let a(x) be the second derivative of x**3/3 - 12*x**2 + x. Determine a(o).
-2
Let d(t) = t**3 + 5*t**2 - t + 1. Let g = -1804 - -1799. Calculate d(g).
6
Let v(i) = -60*i - 62*i - 1 + 121*i. Let a(p) = p**2 + 14*p - 275. Let m be a(-25). Determine v(m).
-1
Let g(n) = n**2 + 11*n - 42. Suppose 0 = 11*m - l + 155, 3*m = -3*l + 5*l - 44. Calculate g(m).
0
Let p = 57 - 96. Let c = 43 + p. Let z(l) = -5 + 5 + 1 + c*l**2. What is z(1)?
5
Let l = -17192 + 17175. Let i(n) = -18*n - 305. Determine i(l).
1
Let o(i) = 8*i**2 + 6*i + 4. Suppose 54*t - 3*t = -51. What is o(t)?
6
Let a be -1*(-3)/(-18) - (-23)/(-6). Let s be (1 + 1)/((-4)/12*-1). Let m(v) = -s*v**2 + 5*v**2 + 2*v**2 + 6*v + 2. What is m(a)?
-6
Let k = 1 - -7. Let n = k + -6. Let u(m) = -m**2 - 1 + 5*m**3 + 2*m + 0*m**3 - 17*m**3 + 13*m**3. Determine u(n).
7
Let k(m) = -41*m**2 + 28*m - 38. Let f(a) = 33*a**2 - 30*a + 37. Let s(p) = 5*f(p) + 4*k(p). Calculate s(37).
-4
Let n be (2 + (-28)/8)*(-10)/3. Let m(t) be the second derivative of t**3/3 - 5*t**2/2 + 218*t. Calculate m(n).
5
Let x(i) = i**2 + 51*i - 11. Let j(r) = -10*r - 1. Let q(c) = 5*j(c) + x(c). What is q(-7)?
26
Let d = 205/52 - 179/52. Let i(k) be the first derivative of -10*k - 1 - d*k**2. Calculate i(-6).
-4
Let y(d) = 31 + 24*d - 37 - 22*d**2 - d**3 + 34 + 29. Determine y(-23).
34
Let i = 76 - 75. Let b(r) be the first derivative of -r**5/30 + r**4/24 - 7*r**3/3 + 4. Let q(p) be the third derivative of b(p). Determine q(i).
-3
Let v(z) = 3763 + 3772 - 11320 + 3772 + 3*z. Give v(-8).
-37
Let x = -65 + 61. Let c(g) be the second derivative of 1/4*g**4 + 4*g + 2*g**2 + 1/20*g**5 - 2/3*g**3 + 0. Calculate c(x).
4
Let h(j) = 7*j + 5. Let k(c) = c - 1. Let p(g) = h(g) + 4*k(g). Let z(o) = o**2 - 9*o - 24. Let d be z(12). Suppose -m - 11*m - d = 0. Calculate p(m).
-10
Let u be (0 + 2)/((-10)/(-35)). Let t(h) = -4*h + 92. Let n be t(23). Let g(l) = -8 + 2*l**2 + 3 + u + n - 5*l. Calculate g(3).
5
Let z(h) = -h**3 - 12*h**2 - 15*h - 11. Let p(u) = -2*u**2 - 21*u + 70. Let v be p(3). What is z(v)?
33
Let g(q) = 0*q**2 + 2*q - 63 + 21*q**2 - 2*q**2 + 30*q - 18*q**2. Give g(-34).
5
Let l = 5449 + -5445. Suppose 0 = f + 5, -1 = -q - 5*f - 22. Let i(t) = t**2 - 6 - q*t + 0*t**2 + 1. What is i(l)?
-5
Let f(w) = -w**3 - 2*w + 1. Let o(a) = a**2 + 2*a. Suppose 0 = 472*n - 474*n. Let z be o(n). Calculate f(z).
1
Let v(h) = -22*h + 37. Suppose -4959 = 49*x - 5057. Give v(x).
-7
Let d(i) = 2*i + 6. Suppose 4*l - 12 = 4. Suppose 10 + 30 = -2*a + 5*c, 5*a + 66 = l*c. Calculate d(a).
-14
Suppose y - g = -4*g + 27, 21 = y + g. Suppose 12 = 2*l + 5*n + y, -3*n + 23 = 5*l. Let f(h) = 0*h - 4 + h - 4. Give f(l).
-1
Let g(u) be the second derivative of u**4/12 + 5*u**3/6 + 3*u**2/2 - 1544*u. Let w = 9 + -14. Determine g(w).
3
Let i(y) = -y**2 - 5*y + 2. Let f(x) = 30 + 15 + 20 + 12*x**2 - x**3 + 9*x + 0*x**3 - 21. Let g be f(13). Determine i(g).
-22
Let g(l) = -l**3 + 7*l**2 + 7*l + 10. Let x be 494/133 - (-4)/14. Suppose -x*p = p - 40. What is g(p)?
2
Let n(a) be the second derivative of -a**4/12 + 2*a**3/3 + 15*a**2 - 36*a + 2. Determine n(8).
-2
Let k(a) = 5*a + 62. Let r be k(-11). Let t(g) = -r*g - 7 - 4 + 12. Let v = 3 + -2. Calculate t(v).
-6
Let o(u) = -4*u + 71. Let m be o(17). Let i(f) = -2 + 5*f**2 + m*f + 12 - 10 - f**3 - 2. Calculate i(5).
13
Suppose 16*z - 23*z + 42 = 0. Let y(u) = 242 + z*u**2 + 238 - 718 + 239 - 2*u. What is y(1)?
5
Suppos